7, what is 406203 - 46?
406124
In base 16, what is 1 - -25a8?
25a9
In base 9, what is 70 - -12383?
12463
In base 14, what is 12d488 + 4?
12d48c
In base 11, what is 16274 - -24?
16298
In base 13, what is 2 + -11123b?
-111239
In base 7, what is 1 + 1034534?
1034535
In base 2, what is 10110100000110 + -1100?
10110011111010
In base 12, what is 2 - aa144?
-aa142
In base 7, what is 2 + 1223214?
1223216
In base 12, what is -197921 - 4?
-197925
In base 12, what is -b + -34337?
-34346
In base 4, what is -12021 + -100200?
-112221
In base 14, what is 0 - -84b87?
84b87
In base 7, what is 1 + -113225?
-113224
In base 2, what is -1000100110 - -11111?
-1000000111
In base 6, what is 234443 - 4?
234435
In base 2, what is 101 + 1000110010100011?
1000110010101000
In base 12, what is -38 - 884?
-900
In base 3, what is 0 - -2010111211220?
2010111211220
In base 7, what is -541 + -15216?
-16060
In base 13, what is 1c8 + 697?
892
In base 6, what is -14023442 + -2?
-14023444
In base 11, what is 28219 + 2?
28220
In base 8, what is -10 + -3635776?
-3636006
In base 5, what is -22 - 12424?
-13001
In base 9, what is 45278 + -2?
45276
In base 9, what is 130645 - 1?
130644
In base 2, what is 1011100 - -1011100010101?
1011101110001
In base 14, what is 12a97 + -9?
12a8c
In base 7, what is -1462 - -126?
-1333
In base 9, what is 121734 + -2?
121732
In base 16, what is 700 - 4?
6fc
In base 13, what is -39c - -21?
-37b
In base 6, what is -4 + 2302042?
2302034
In base 2, what is 10010110010001000010 + 0?
10010110010001000010
In base 11, what is -128 - 50?
-178
In base 8, what is -156 - -245?
67
In base 15, what is 19b - -9e?
24a
In base 15, what is 28b1 + -2?
28ae
In base 5, what is 113230 - -2032?
120312
In base 16, what is -6 + 1b349?
1b343
In base 7, what is 0 - 2016420?
-2016420
In base 7, what is 3364 - 441?
2623
In base 9, what is -15457 - 4?
-15462
In base 13, what is -16 - -8522?
8509
In base 2, what is -11001100011110 - -101?
-11001100011001
In base 10, what is -268533 - -4?
-268529
In base 16, what is 1540 - 2?
153e
In base 14, what is -4 + 6519c?
65198
In base 15, what is -1 + -b14b1?
-b14b2
In base 12, what is -2 + -64738?
-6473a
In base 6, what is 2203454 - -5?
2203503
In base 4, what is -10 + -23321322?
-23321332
In base 14, what is 3 - -28190?
28193
In base 8, what is -115241 + -5?
-115246
In base 16, what is bcc41 + -2?
bcc3f
In base 11, what is -7971a + 8?
-79712
In base 11, what is 756 - 73?
693
In base 2, what is -1010101011110000101 - 11?
-1010101011110001000
In base 13, what is 3a4c6 + -3?
3a4c3
In base 10, what is -1 + -203628?
-203629
In base 15, what is -171d + 20?
-16ed
In base 13, what is -1293 - -588?
-a08
In base 14, what is -3 - -1dc54?
1dc51
In base 2, what is -10101001 - -10000010000?
1101100111
In base 15, what is 7 + -3329?
-3322
In base 12, what is 1b35 + 12?
1b47
In base 13, what is 146 + 276?
3bc
In base 5, what is 21143 + -30?
21113
In base 5, what is -4 - -312321?
312312
In base 4, what is -222 + -331100?
-331322
In base 9, what is -17 + 1474?
1456
In base 3, what is -100211201101 - 1?
-100211201102
In base 16, what is aa6 + -4ae?
5f8
In base 12, what is 1 - 57?
-56
In base 8, what is 506 + -37?
447
In base 12, what is -8b1 - 6b6?
-13a7
In base 6, what is -125551 + -311?
-130302
In base 16, what is 2 + -145a54?
-145a52
In base 15, what is 163a0 - -3?
163a3
In base 13, what is -55 + -b6?
-13b
In base 16, what is 6 + -1a5?
-19f
In base 11, what is 34589 - -6?
34594
In base 12, what is -46 + a91?
a47
In base 5, what is -101413 - -1130?
-100233
In base 13, what is 0 - -653b1?
653b1
In base 11, what is 0 + -18554?
-18554
In base 4, what is -22 - 103321003?
-103321031
In base 8, what is 4 - 133714?
-133710
In base 9, what is 11 - -33788?
33810
In base 5, what is -10 - 2403221?
-2403231
In base 8, what is 7 - 174?
-165
In base 9, what is 0 + -22206?
-22206
In base 5, what is 23120 - 2?
23113
In base 8, what is 5 - 15626?
-15621
In base 6, what is -13403341 - 3?
-13403344
In base 5, what is 42233332 + -44?
42233233
In base 16, what is -1 - -b29?
b28
In base 15, what is -157 - 2d?
-185
In base 10, what is 6 + 31444?
31450
In base 16, what is 2 + 3519?
351b
In base 13, what is -5 - -2281?
2279
In base 8, what is -1231521 + 4?
-1231515
In base 3, what is 20100101 - 10211?
20012120
In base 6, what is 5 + -2130130?
-2130121
In base 6, what is 1522025 - -24?
1522053
In base 8, what is 2371 - 17?
2352
In base 9, what is -765155 - -1?
-765154
In base 3, what is -1112 - 2221211?
-10000100
In base 16, what is -3 - -1b2031?
1b202e
In base 3, what is -121012 - 1120002?
-2011021
In base 3, what is 20112200 + -1?
20112122
In base 11, what is 25 + -10605?
-10590
In base 3, what is -11 + -12222121?
-12222202
In base 6, what is 1001 + 3150?
4151
In base 16, what is -61e + -8?
-626
In base 3, what is 100 + -1120202202?
-1120202102
In base 8, what is 3 + 1414251?
1414254
In base 10, what is -138 + -4119?
-4257
In base 16, what is -237 + 10c?
-12b
In base 16, what is -efb - 1f?
-f1a
In base 6, what is -1524140 - -5?
-1524131
In base 15, what is 2 + 177?
179
In base 9, what is 6 + 21062?
21068
In base 2, what is -10101 + 1000001100011?
1000001001110
In base 9, what is -3 + 44421?
44417
In base 7, what is -24235 + 14?
-24221
In base 6, what is 114 + -10132?
-10014
In base 13, what is 46404 + -6?
463cb
In base 5, what is -201100202 - -3?
-201100144
In base 8, what is 7 + 3632?
3641
In base 2, what is 11 + -11010001000111?
-11010001000100
In base 4, what is 311 - -3111?
10022
In base 10, what is 3 - 212278?
-212275
In base 6, what is 105013553 + -1?
105013552
In base 14, what is 5d - 715?
-696
In base 16, what is -7 - 8cf4?
-8cfb
In base 3, what is -22 + -21022002120?
-21022002212
In base 10, what is -10 - 8127?
-8137
In base 2, what is 1010 - 1110101100111?
-1110101011101
In base 11, what is 1227 + -168?
106a
In base 16, what is -5d4 - 6f8?
-ccc
In base 13, what is -4 - -bc16?
bc12
In base 8, what is 222 + 40531?
40753
In base 7, what is 45 + 11435?
11513
In base 12, what is 4 + -16a0b?
-16a07
In base 5, what is 20120131 - -22?
20120203
In base 11, what is -30a - -2a?
-290
In base 5, what is -220144 - 131?
-220330
In base 11, what is -6 + 91a3?
9198
In base 5, what is 1311 + 12?
1323
In base 5, what is -12232 + -31?
-12313
In base 9, what is -10 + 651323?
651313
In base 12, what is -3 - 849b3?
-849b6
In base 2, what is -1110011010001101100001 - -11?
-1110011010001101011110
In base 2, what is -101111001011 - -111111001?
-100111010010
In base 10, what is -609 - 44?
-653
In base 7, what is -1063 - 3?
-1066
In base 4, what is -11 - -3132300?
3132223
In base 15, what is 1c742 - -8?
1c74a
In base 6, what is -13533 + 4011?
-5522
In base 7, what is -206 + 1460?
1251
In base 10, what is 84 - -4686?
4770
In base 4, what is 3 + 133012220?
133012223
In base 9, what is 150 - -848?
1108
In base 10, what is -1942 + -752?
-2694
In base 4, what is 330 - 131?
133
In base 6, what is 1234 + -11003?
-5325
In base 15, what is 2 + 107dd0?
107dd2
In base 9, what is 5 - 1778?
-1773
In base 7, what is -433025 + 0?
-433025
In base 8, what is 471 - 2520?
-2027
In base 10, what is -47141 + 25?
-47116
In base 2, what is 1000111110 - 10000000?
110111110
In base 4, what is 1121 + 1300?
3021
In base 8, what is -6677 + -50?
-6747
In base 4, what is -11213113 + 20?
-11213033
In base 4, what is 10 + -331221?
-331211
In base 13, what is c - -107b?
108a
In base 11, what is -44 - -1733?
169a
In base 13, what is 61a - 6?
614
In base 16, what is 18 + -495?
-47d
In base 16, what is 4f5a + -37?
4f23
In base 8, what is 6730 - 2114?
4614
In base 14, what is -11 - 5180a?
-5181b
In base 7, what is -10 + 1100152?
1100142
In base 9, what is 7845 - 147?
7687
In base 7, what is -40 + -356546?
-356616
In base 6, what is 24524 + 4?
24532
In base 15, what is 6323 - -2?
6325
In base 11, what is -298 + 2130?
1943
In base 12, what is -1026 - 41?
-1067
In base 12, what is -952aa + 5?
-952a5
In base 16, what is -9 - 4d646?
-4d64f
In base 9, what is 804288 + -5?
804283
In base 9, what is -5 + -23233?
-23238
In base 16, what is e56 + f?
e65
In base 7, what is 46321600 + -1?
46321566
In base 13, what is -19 + -41?
-5a
In base 8, what is 1473 - -127?
1622
In base 15, what is -13b + -2?
-13d
In base 12, what is -17 + -19004?
-1901b
